b**3 + 5 + 648*b**3. Let a be q(-7). What is the remainder when 87 is divided by 2/a - (-3)/((-54)/(-537))?
27
Let p(b) = 1348*b + 31. Let x be p(3). Suppose 0 = 6*v + 19*v - x. What is the remainder when v is divided by 38?
11
Suppose 0*t - 157 = -5*u - 3*t, 3*u - 103 = -4*t. Let w = -4 - 68. Calculate the remainder when u is divided by -2 - (0 + w/3).
7
Suppose 6*m - 16 - 20 = 0. Suppose 0 = -m*u - 19*u + 3175. What is the remainder when u is divided by 36?
19
Let c(m) be the second derivative of -10*m + 7/2*m**2 + 3/2*m**3 + 7/6*m**4 + 0 + 1/20*m**5. What is the remainder when c(-13) is divided by 15?
14
Suppose -4*y + 7750 + 110 = 0. Calculate the remainder when (y/(-7))/(-5) + 2/(-14) is divided by 42.
14
Suppose o = -5, -2*t - 4*o + o + 15 = 0. What is the remainder when (6 + 57)*1*(-1 - -2) is divided by 44*(t/(-12) + 8/4)?
30
Suppose -4*i = -a - 63, -10*a + 5*i = -15*a - 440. Let h = 103 + a. Calculate the remainder when (-4)/(-10) + (-756)/(-10) is divided by h.
16
Let l = 3643 + -2984. What is the remainder when l is divided by 17?
13
Let b = -27 + 31. Suppose -5 = 4*s - a - 20, -3 = b*s + 5*a. What is the remainder when ((-46)/s)/(2/(-6)) is divided by 17?
12
Suppose 5*j = 4*z + 1004 - 10523, 3*z = -4*j + 7116. Calculate the remainder when z is divided by 61.
58
Let l be (-5 - -8)*(-1 + 2) + 27. Suppose -3*r + l = 24. Suppose 0 = r*o - 3*y - 80, -5*y - 136 - 59 = -5*o. Calculate the remainder when 144 is divided by o.
33
Suppose -9*h + 8*h - 167 = 0. Let m = h + 172. Suppose b - 28 = -w, 0*w - 2*b + 137 = 5*w. What is the remainder when w is divided by m?
2
Suppose 9*h - 144 = 378. Calculate the remainder when -5 + 1 + 7 + -4 + h is divided by 15.
12
Let j(r) = -2*r**3 - 43*r**2 + 19*r - 26. Suppose 264 = -15*s + 3*s. Calculate the remainder when 518 is divided by j(s).
38
Let h = 7226 + -7005. Calculate the remainder when 464 is divided by h.
22
Suppose -240*t + 54 = -238*t. Calculate the remainder when 90 + -7 + (-1)/(2/(-8)) is divided by t.
6
Let b(q) = -369*q**3 + 3*q**2 + 6*q + 2. Calculate the remainder when b(-1) is divided by 327.
41
Let q(s) = 1445 - 756 - 27*s - 953. Suppose -4*g = x - 33, 3*x - 8 = -4*g + 19. What is the remainder when q(-14) is divided by g?
6
Suppose -28*n + 22*n = 18. Let k(i) = 10*i**2 + 6*i - 10. What is the remainder when k(n) is divided by 16?
14
Calculate the remainder when ((-7 - -11) + -5)/((-1)/1259) is divided by 29.
12
Let m(a) = 5 + 2*a**2 + 0*a**2 - 4 - 2*a. Let b be m(2). Suppose 188 = 2*t - 5*s + s, -b*s - 10 = 0. Calculate the remainder when t is divided by 31.
28
Let x(h) = h**2 - 7*h - 22. Calculate the remainder when x(-20) is divided by 159.
41
Suppose -3*a + 272 = 46*r - 44*r, 2*r = 5*a - 416. What is the remainder when a is divided by 19?
10
Suppose -1672 - 13016 = -48*m. What is the remainder when m is divided by 85?
51
Let a = 580 - 588. Calculate the remainder when -6 + a + 19 + (0 - -83) is divided by 32.
24
Suppose 3*w - 74*g + 71*g - 21 = 0, -4*w = -2*g - 34. Calculate the remainder when 97 is divided by w.
7
Let v(u) = u**2 + 3*u - 610. Calculate the remainder when v(-27) is divided by 19.
0
Let s = 66 + -21. Let q be (-1)/(-1 + 40/s). Suppose 5*d - 15 = -5*w, -d + 2*w + q = 6*w. What is the remainder when 4 is divided by d?
0
Let u = -7973 - -16620. What is the remainder when u is divided by 23?
22
Suppose -9*u + 14 = -22. Suppose -4*d - f + 3*f + 478 = 0, u*d - 471 = -5*f. Calculate the remainder when d is divided by 20.
19
Suppose -13*y + 10*y = 5*d - 217, -2*d - 5*y = -102. Calculate the remainder when 1569 is divided by d.
11
Suppose -4*s + 36 = -w - 47, -3*s + 2*w + 61 = 0. Suppose -2*u + 4*o = 36, -u = 5*o - 0*o + 11. What is the remainder when 74*(2 - (-24)/u) is divided by s?
16
Let v(x) = 27*x - 2. Suppose -2 = -2*y + 4. Suppose y*p + 24 = 9*p. What is the remainder when v(p) is divided by 27?
25
Suppose 229*g + 1248 = 241*g. What is the remainder when g is divided by 29?
17
Let l = 631 - 615. Suppose -12 = 4*g - 2*a, -3*a + 3 = 2*g + 25. Let k = -1 - g. Calculate the remainder when l is divided by k.
0
Suppose -15*k + 62614 + 2561 = 0. Calculate the remainder when k is divided by 106.
105
Suppose 5*j - 4*m - 4 = -0*j, 3*m = -4*j + 28. Let l = 0 + 32. Suppose j*s = -l + 116. Calculate the remainder when s is divided by 12.
9
Let f(q) = 52*q**2 - 5*q + 4. Let m be f(1). Suppose -34*l + m = -33*l. Calculate the remainder when 82 is divided by l.
31
Calculate the remainder when 11*1/2*(-10 + (-1320)/(-11)) is divided by 302.
1
Suppose 18 = -3*v, 416 + 8236 = 24*i + 2*v. What is the remainder when i is divided by 49?
18
Let n(a) = 4*a - 3. Let m be n(21). Suppose -4*w + 215 + m = 0. Let l = 12 - 1. What is the remainder when w is divided by l?
8
Suppose -625*j + 21096 = -553*j. Calculate the remainder when 4684 is divided by j.
289
Let h(j) = -12*j**2 - 751*j - 47. Calculate the remainder when h(-61) is divided by 26.
20
Let j = 4850 - 4810. What is the remainder when 763 is divided by j?
3
Suppose 3*k = 3*y + 1047, -29*k + 26*k + 1032 = 2*y. Calculate the remainder when 695 is divided by k.
3
Suppose 3*j - 5*v + 440 + 277 = 0, 0 = -3*j + 3*v - 723. Let x = -184 - j. Calculate the remainder when 235 is divided by x.
55
Let k(o) = 6*o**2 - 3*o + 14. Let s(j) = 5*j**2 - 2*j + 13. Let m(z) = -6*k(z) + 7*s(z). Calculate the remainder when 17 is divided by m(0).
3
Let a(w) = -7*w**2 - 2*w - 1. Let g(c) = c**3 - 7*c**2 - 8*c - 1. Let r be g(8). Let o be a(r). Calculate the remainder when 29 is divided by ((-40)/o)/(4/6).
9
Let g = 10 - 8. Suppose 20 = 33*w - 46. Calculate the remainder when (-24)/(-4) - -3 - g is divided by w.
1
Calculate the remainder when 647 is divided by (-9 + 9/(-135)*-95)*-42.
87
Suppose 4*j - 70 = -p + 2*j, -2*p + 5*j + 149 = 0. Calculate the remainder when p is divided by (-1)/(1 + 2 + (16 - (-8415)/(-442))).
20
Let i = 22 + -11. Let j(x) = x**2 + 9*x + 15. Let v(d) = d**2 - 1. Let a(u) = -j(u) + 2*v(u). What is the remainder when 24 is divided by a(i)?
4
Let a = 118044 + -117167. Calculate the remainder when a is divided by (-10)/5 + 21*2.
37
Let i(l) = l**3 + 277*l + 15*l**2 + 233*l - 21 - 567*l. What is the remainder when 492 is divided by i(-18)?
30
Let d be (-60)/(-33) - 4/(-22). Suppose -5*z + 3*a + 332 = 0, d*a - 184 = -5*z + 2*z. Let s(p) = -97*p + 227. What is the remainder when z is divided by s(2)?
31
Let s be ((-1788)/(-2))/(-3) + 2. Suppose 18*z - 885 = -687. Calculate the remainder when s/(-4) - (2 - 2) is divided by z.
8
Let w be -5 - (-27)/6 - 190/(-4). Suppose w*x + 90 = 49*x. What is the remainder when 178 is divided by x?
43
Let p be (-153)/(-187) + 24/11 + -2. Calculate the remainder when 84 is divided by (-406)/(-14) - 5*p.
12
Suppose 4*j - 1427 = -3*a, -47*a = -51*a + j + 1890. Calculate the remainder when a is divided by 15.
8
Let j = 10901 + -10841. What is the remainder when 273 is divided by j?
33
Suppose -147 = -5*g - 767. Suppose o = -2*c - 78, -2*o - 155 = -8*c + 13*c. Let a = o - g. Calculate the remainder when a is divided by 23.
21
Suppose -32 = 4*j, 4*m - 3*j = 169 + 315. Calculate the remainder when m is divided by 51.
13
Let n(o) be the third derivative of -23*o**4/24 - 17*o**3/3 - 55*o**2. What is the remainder when 347 is divided by n(-4)?
57
Let t = 23 + -27. Let f = -2 - t. Suppose z - 3*d + 2*d = 39, -f*d - 195 = -5*z. What is the remainder when z is divided by 21?
18
Let w(h) = -2*h**3 + 10*h**2 - 4*h + 10. Let z be w(5). Calculate the remainder when -6*(2 - (-65)/z) is divided by 6.
3
Suppose 1928 - 2048 = 32*f - 5752. What is the remainder when 767 is divided by f?
63
Let l be (1 - 10/8) + 390225/660. Suppose 5*v - 39 = 2*h - l, -2*h - 2*v + 524 = 0. What is the remainder when h is divided by 67?
65
Suppose -942 + 430 = -8*z. Let a(h) be the first derivative of -h**2 + 7*h + 5. What is the remainder when z is divided by a(-5)?
13
Let d(i) = -i**3 + 12*i + 14. What is the remainder when 353 is divided by d(-4)?
23
Let z(p) = -6*p**3 - 145*p**2 - 25*p + 24. Calculate the remainder when 1865 is divided by z(-24).
41
Let p = -279 + 283. Suppose -4*m = 4*k - m - 9, 3*k - p*m - 13 = 0. Calculate the remainder when 70 is divided by k.
1
Suppose -2053*y = -2067*y + 11214. What is the remainder when y is divide